is the thousands digit of 111052277?
2
What is the billions digit of 4839127542?
4
What is the hundreds digit of 370893999?
9
What is the ten millions digit of 35526070?
3
What is the millions digit of 133230621?
3
What is the hundred thousands digit of 22360405?
3
What is the hundred millions digit of 3267340206?
2
What is the units digit of 20270876?
6
What is the ten millions digit of 781680372?
8
What is the tens digit of 812166901?
0
What is the hundred millions digit of 971650054?
9
What is the hundred millions digit of 206613346?
2
What is the ten millions digit of 452724920?
5
What is the ten millions digit of 2219206373?
1
What is the hundred thousands digit of 234946896?
9
What is the ten millions digit of 74186313?
7
What is the hundred thousands digit of 17765647?
7
What is the units digit of 42266841?
1
What is the thousands digit of 3307748963?
8
What is the units digit of 2158845?
5
What is the hundreds digit of 18993625?
6
What is the tens digit of 40903108?
0
What is the hundred thousands digit of 75709479?
7
What is the ten thousands digit of 70970442?
7
What is the tens digit of 5394693?
9
What is the billions digit of 2302679057?
2
What is the millions digit of 22482488?
2
What is the millions digit of 313302346?
3
What is the hundreds digit of 925277708?
7
What is the hundred thousands digit of 172565865?
5
What is the hundreds digit of 59903556?
5
What is the ten millions digit of 2285370336?
8
What is the millions digit of 751318182?
1
What is the tens digit of 131728998?
9
What is the units digit of 235416939?
9
What is the hundreds digit of 4477667375?
3
What is the hundreds digit of 133670956?
9
What is the millions digit of 115791098?
5
What is the ten thousands digit of 27473414?
7
What is the millions digit of 40619512?
0
What is the hundreds digit of 2189474789?
7
What is the units digit of 210034018?
8
What is the tens digit of 425977113?
1
What is the ten thousands digit of 857965172?
6
What is the hundred thousands digit of 203579000?
5
What is the thousands digit of 199304719?
4
What is the units digit of 1214247947?
7
What is the hundred thousands digit of 112991488?
9
What is the hundreds digit of 588926?
9
What is the millions digit of 2675875979?
5
What is the thousands digit of 10829468?
9
What is the hundred millions digit of 356501080?
3
What is the thousands digit of 559369337?
9
What is the hundreds digit of 295513127?
1
What is the ten thousands digit of 1584910335?
1
What is the millions digit of 64962410?
4
What is the hundred thousands digit of 2236961717?
9
What is the ten thousands digit of 1392937775?
3
What is the hundred millions digit of 393555279?
3
What is the hundred thousands digit of 2747981?
7
What is the hundreds digit of 455654267?
2
What is the hundred millions digit of 423764320?
4
What is the hundred thousands digit of 35659138?
6
What is the hundred millions digit of 105950497?
1
What is the ten millions digit of 113668171?
1
What is the tens digit of 47461195?
9
What is the tens digit of 545598466?
6
What is the tens digit of 1177396575?
7
What is the units digit of 163855144?
4
What is the units digit of 4520059?
9
What is the tens digit of 3925478141?
4
What is the ten thousands digit of 2791718509?
1
What is the tens digit of 803048198?
9
What is the ten thousands digit of 55849384?
4
What is the hundred thousands digit of 325272676?
2
What is the hundred millions digit of 6420770444?
4
What is the hundreds digit of 457646892?
8
What is the millions digit of 106176572?
6
What is the millions digit of 518637263?
8
What is the hundred millions digit of 1436413468?
4
What is the hundred thousands digit of 779543573?
5
What is the hundred thousands digit of 274260730?
2
What is the hundreds digit of 69995573?
5
What is the thousands digit of 21943148?
3
What is the millions digit of 77486804?
7
What is the ten thousands digit of 93185338?
8
What is the millions digit of 29976172?
9
What is the tens digit of 8696232?
3
What is the hundred thousands digit of 438024837?
0
What is the billions digit of 3329983719?
3
What is the units digit of 478576568?
8
What is the tens digit of 30019742?
4
What is the units digit of 87943512?
2
What is the ten thousands digit of 22523219?
2
What is the millions digit of 233312342?
3
What is the hundreds digit of 64588971?
9
What is the hundred thousands digit of 567537816?
5
What is the ten millions digit of 395819120?
9
What is the units digit of 73453042?
2
What is the hundreds digit of 123296952?
9
What is the ten thousands digit of 975290836?
9
What is the tens digit of 90073198?
9
What is the tens digit of 59162897?
9
What is the hundred thousands digit of 98292521?
2
What is the hundreds digit of 199739354?
3
What is the ten millions digit of 282859413?
8
What is the thousands digit of 26495771?
5
What is the hundreds digit of 56194425?
4
What is the thousands digit of 191746208?
6
What is the thousands digit of 47856469?
6
What is the units digit of 1953351044?
4
What is the hundred millions digit of 525828966?
5
What is the millions digit of 2104525967?
4
What is the hundred thousands digit of 6539687?
5
What is the billions digit of 3184005535?
3
What is the ten millions digit of 51828385?
5
What is the thousands digit of 376392367?
2
What is the ten millions digit of 79663161?
7
What is the units digit of 897023253?
3
What is the hundreds digit of 331351739?
7
What is the ten thousands digit of 44827666?
2
What is the millions digit of 340911212?
0
What is the ten millions digit of 219309007?
1
What is the millions digit of 29635520?
9
What is the units digit of 5080354759?
9
What is the tens digit of 1960913834?
3
What is the tens digit of 76838607?
0
What is the hundreds digit of 81539152?
1
What is the hundreds digit of 1362404487?
4
What is the hundreds digit of 68832076?
0
What is the tens digit of 408565865?
6
What is the tens digit of 45463748?
4
What is the hundreds digit of 101181450?
4
What is the thousands digit of 1171251471?
1
What is the ten millions digit of 477599882?
7
What is the millions digit of 80202375?
0
What is the hundred millions digit of 243805056?
2
What is the units digit of 143317210?
0
What is the millions digit of 11110299?
1
What is the units digit of 124770207?
7
What is the units digit of 85570239?
9
What is the billions digit of 5329405216?
5
What is the thousands digit of 4855698?
5
What is the hundred millions digit of 259370890?
2
What is the ten millions digit of 31312108?
3
What is the thousands digit of 696757543?
7
What is the hundred thousands digit of 11173498?
1
What is the units digit of 7640298?
8
What is the thousands digit of 46719453?
9
What is the ten thousands digit of 1420195348?
9
What is the millions digit of 3268158104?
8
What is the ten thousands digit of 600347623?
4
What is the millions digit of 64552824?
4
What is the millions digit of 75130246?
5
What is the hundreds digit of 30074238?
2
What is the ten millions digit of 41393315?
4
What is the thousands digit of 125714602?
4
What is the tens digit of 49446867?
6
What is the hundred millions digit of 1304180934?
3
What is the ten thousands digit of 1679052105?
5
What is the hundred thousands digit of 48509171?
5
What is the hundred thousands digit of 11444104?
4
What is the millions digit of 648309898?
8
What is the thousands digit of 1339514318?
4
What is the units digit of 127854038?
8
What is the tens digit of 328931807?
0
What is the ten millions digit of 77844315?
7
What is the hundred thousands digit of 607373289?
3
What is the ten thousands digit of 221701315?
0
What is the hundred millions digit of 2512800785?
5
What is the ten millions digit of 280938409?
8
What is the hundred millions digit of 127703833?
1
What is the hundreds digit of 4467266416?
4
What is the thousands digit of 50153021?
3
What is the units digit of 67320969?
9
What is the units digit of 137654227?
7
What is the thousands digit of 1213041182?
1
What is the units digit of 1509505576?
6
What is the ten millions digit of 125865416?
2
What is the hundred millions digit of 3987794715?
9
What is the ten thousands digit of 396533780?
3
What is the units digit of 1580793609?
9
What is the hundred millions digit of 951062001?
9
What is the hundred thou